{"id":91,"date":"2015-04-26T17:26:21","date_gmt":"2015-04-26T15:26:21","guid":{"rendered":"http:\/\/www.acr-fulda.de\/?page_id=91"},"modified":"2015-04-26T18:36:55","modified_gmt":"2015-04-26T16:36:55","slug":"startwinde","status":"publish","type":"page","link":"https:\/\/www.acr-fulda.de\/?page_id=91","title":{"rendered":"Startwinde"},"content":{"rendered":"\n\t\t<style type=\"text\/css\">\n\t\t\t#gallery-1 {\n\t\t\t\tmargin: auto;\n\t\t\t}\n\t\t\t#gallery-1 .gallery-item {\n\t\t\t\tfloat: left;\n\t\t\t\tmargin-top: 10px;\n\t\t\t\ttext-align: center;\n\t\t\t\twidth: 33%;\n\t\t\t}\n\t\t\t#gallery-1 img {\n\t\t\t\tborder: 2px solid #cfcfcf;\n\t\t\t}\n\t\t\t#gallery-1 .gallery-caption {\n\t\t\t\tmargin-left: 0;\n\t\t\t}\n\t\t\t\/* see gallery_shortcode() in wp-includes\/media.php *\/\n\t\t<\/style>\n\t\t<div id='gallery-1' class='gallery galleryid-91 gallery-columns-3 gallery-size-medium'><dl class='gallery-item'>\n\t\t\t<dt class='gallery-icon landscape'>\n\t\t\t\t<a href='https:\/\/www.acr-fulda.de\/?attachment_id=83'><img loading=\"lazy\" decoding=\"async\" width=\"300\" height=\"200\" src=\"https:\/\/acr-fulda.de\/wp-content\/uploads\/2015\/04\/Winde-012-300x200.jpg\" class=\"attachment-medium size-medium no-lazy\" alt=\"\" aria-describedby=\"gallery-1-83\" srcset=\"https:\/\/acr-fulda.de\/wp-content\/uploads\/2015\/04\/Winde-012-300x200.jpg 300w, https:\/\/acr-fulda.de\/wp-content\/uploads\/2015\/04\/Winde-012.jpg 1024w\" sizes=\"auto, (max-width: 300px) 100vw, 300px\" \/><\/a>\n\t\t\t<\/dt>\n\t\t\t\t<dd class='wp-caption-text gallery-caption' id='gallery-1-83'>\n\t\t\t\tStartwinde &#8211; Aufgebaut auf Opel-Blitz, Seill\u00e4nge ausgerollt ca. 1000 m\n\t\t\t\t<\/dd><\/dl><dl class='gallery-item'>\n\t\t\t<dt class='gallery-icon landscape'>\n\t\t\t\t<a href='https:\/\/www.acr-fulda.de\/?attachment_id=82'><img loading=\"lazy\" decoding=\"async\" width=\"300\" height=\"200\" src=\"https:\/\/acr-fulda.de\/wp-content\/uploads\/2015\/04\/Winde-011-300x200.jpg\" class=\"attachment-medium size-medium no-lazy\" alt=\"\" aria-describedby=\"gallery-1-82\" srcset=\"https:\/\/acr-fulda.de\/wp-content\/uploads\/2015\/04\/Winde-011-300x200.jpg 300w, https:\/\/acr-fulda.de\/wp-content\/uploads\/2015\/04\/Winde-011.jpg 1024w\" sizes=\"auto, (max-width: 300px) 100vw, 300px\" \/><\/a>\n\t\t\t<\/dt>\n\t\t\t\t<dd class='wp-caption-text gallery-caption' id='gallery-1-82'>\n\t\t\t\tDer V8 Chevvie-Motor leistet \u00fcber 230 PS\n\t\t\t\t<\/dd><\/dl><dl class='gallery-item'>\n\t\t\t<dt class='gallery-icon landscape'>\n\t\t\t\t<a href='https:\/\/www.acr-fulda.de\/?attachment_id=81'><img loading=\"lazy\" decoding=\"async\" width=\"300\" height=\"200\" src=\"https:\/\/acr-fulda.de\/wp-content\/uploads\/2015\/04\/Winde-010-300x200.jpg\" class=\"attachment-medium size-medium no-lazy\" alt=\"\" aria-describedby=\"gallery-1-81\" srcset=\"https:\/\/acr-fulda.de\/wp-content\/uploads\/2015\/04\/Winde-010-300x200.jpg 300w, https:\/\/acr-fulda.de\/wp-content\/uploads\/2015\/04\/Winde-010.jpg 1024w\" sizes=\"auto, (max-width: 300px) 100vw, 300px\" \/><\/a>\n\t\t\t<\/dt>\n\t\t\t\t<dd class='wp-caption-text gallery-caption' id='gallery-1-81'>\n\t\t\t\tDer Winden-Leitstand wurde einem VW-Bulli &#8222;entnommen&#8220;\n\t\t\t\t<\/dd><\/dl><br style=\"clear: both\" \/><dl class='gallery-item'>\n\t\t\t<dt class='gallery-icon landscape'>\n\t\t\t\t<a href='https:\/\/www.acr-fulda.de\/?attachment_id=80'><img loading=\"lazy\" decoding=\"async\" width=\"300\" height=\"200\" src=\"https:\/\/acr-fulda.de\/wp-content\/uploads\/2015\/04\/Winde-009-300x200.jpg\" class=\"attachment-medium size-medium no-lazy\" alt=\"\" aria-describedby=\"gallery-1-80\" srcset=\"https:\/\/acr-fulda.de\/wp-content\/uploads\/2015\/04\/Winde-009-300x200.jpg 300w, https:\/\/acr-fulda.de\/wp-content\/uploads\/2015\/04\/Winde-009.jpg 1024w\" sizes=\"auto, (max-width: 300px) 100vw, 300px\" \/><\/a>\n\t\t\t<\/dt>\n\t\t\t\t<dd class='wp-caption-text gallery-caption' id='gallery-1-80'>\n\t\t\t\tDie Doppeltrommel-Winde schleppt unsere Segelflugzeuge auf \u00fcber 600m H\u00f6he.\n\t\t\t\t<\/dd><\/dl><dl class='gallery-item'>\n\t\t\t<dt class='gallery-icon landscape'>\n\t\t\t\t<a href='https:\/\/www.acr-fulda.de\/?attachment_id=110'><img loading=\"lazy\" decoding=\"async\" width=\"500\" height=\"375\" src=\"https:\/\/acr-fulda.de\/wp-content\/uploads\/2015\/04\/Winde-004-500x375.jpg\" class=\"attachment-medium size-medium no-lazy\" alt=\"\" aria-describedby=\"gallery-1-110\" srcset=\"https:\/\/acr-fulda.de\/wp-content\/uploads\/2015\/04\/Winde-004-500x375.jpg 500w, https:\/\/acr-fulda.de\/wp-content\/uploads\/2015\/04\/Winde-004.jpg 1024w\" sizes=\"auto, (max-width: 500px) 100vw, 500px\" \/><\/a>\n\t\t\t<\/dt>\n\t\t\t\t<dd class='wp-caption-text gallery-caption' id='gallery-1-110'>\n\t\t\t\tStartwinde mit Doppeltrommel\n\t\t\t\t<\/dd><\/dl>\n\t\t\t<br style='clear: both' \/>\n\t\t<\/div>\n\n","protected":false},"excerpt":{"rendered":"","protected":false},"author":1,"featured_media":0,"parent":9,"menu_order":0,"comment_status":"open","ping_status":"open","template":"","meta":{"_acf_changed":false,"wikipediapreview_detectlinks":true,"ngg_post_thumbnail":0,"_mc_calendar":[],"footnotes":""},"class_list":["post-91","page","type-page","status-publish","czr-hentry"],"acf":[],"yoast_head":"<!-- This site is optimized with the Yoast SEO plugin v26.6 - https:\/\/yoast.com\/wordpress\/plugins\/seo\/ -->\n<title>Startwinde - Aeroclub Rh\u00f6n e.V. Fulda<\/title>\n<meta name=\"robots\" content=\"noindex, follow\" \/>\n<meta property=\"og:locale\" content=\"de_DE\" \/>\n<meta property=\"og:type\" content=\"article\" \/>\n<meta property=\"og:title\" content=\"Startwinde - Aeroclub Rh\u00f6n e.V. Fulda\" \/>\n<meta property=\"og:url\" content=\"https:\/\/www.acr-fulda.de\/?page_id=91\" \/>\n<meta property=\"og:site_name\" content=\"Aeroclub Rh\u00f6n e.V. Fulda\" \/>\n<meta property=\"article:modified_time\" content=\"2015-04-26T16:36:55+00:00\" \/>\n<meta property=\"og:image\" content=\"https:\/\/www.acr-fulda.de\/wp-content\/uploads\/2015\/04\/Winde-012-300x200.jpg\" \/>\n<meta name=\"twitter:card\" content=\"summary_large_image\" \/>\n<script type=\"application\/ld+json\" class=\"yoast-schema-graph\">{\"@context\":\"https:\/\/schema.org\",\"@graph\":[{\"@type\":\"WebPage\",\"@id\":\"https:\/\/www.acr-fulda.de\/?page_id=91\",\"url\":\"https:\/\/www.acr-fulda.de\/?page_id=91\",\"name\":\"Startwinde - Aeroclub Rh\u00f6n e.V. Fulda\",\"isPartOf\":{\"@id\":\"https:\/\/www.acr-fulda.de\/#website\"},\"datePublished\":\"2015-04-26T15:26:21+00:00\",\"dateModified\":\"2015-04-26T16:36:55+00:00\",\"breadcrumb\":{\"@id\":\"https:\/\/www.acr-fulda.de\/?page_id=91#breadcrumb\"},\"inLanguage\":\"de\",\"potentialAction\":[{\"@type\":\"ReadAction\",\"target\":[\"https:\/\/www.acr-fulda.de\/?page_id=91\"]}]},{\"@type\":\"BreadcrumbList\",\"@id\":\"https:\/\/www.acr-fulda.de\/?page_id=91#breadcrumb\",\"itemListElement\":[{\"@type\":\"ListItem\",\"position\":1,\"name\":\"Startseite\",\"item\":\"https:\/\/www.acr-fulda.de\/\"},{\"@type\":\"ListItem\",\"position\":2,\"name\":\"Segelfliegen\",\"item\":\"https:\/\/www.acr-fulda.de\/?page_id=9\"},{\"@type\":\"ListItem\",\"position\":3,\"name\":\"Startwinde\"}]},{\"@type\":\"WebSite\",\"@id\":\"https:\/\/www.acr-fulda.de\/#website\",\"url\":\"https:\/\/www.acr-fulda.de\/\",\"name\":\"Aeroclub Rh\u00f6n e.V. Fulda\",\"description\":\"Segelfliegen, Einf\u00fchrungsfl\u00fcge, Flugschule am  Stadtrand von Fulda\",\"publisher\":{\"@id\":\"https:\/\/www.acr-fulda.de\/#organization\"},\"potentialAction\":[{\"@type\":\"SearchAction\",\"target\":{\"@type\":\"EntryPoint\",\"urlTemplate\":\"https:\/\/www.acr-fulda.de\/?s={search_term_string}\"},\"query-input\":{\"@type\":\"PropertyValueSpecification\",\"valueRequired\":true,\"valueName\":\"search_term_string\"}}],\"inLanguage\":\"de\"},{\"@type\":\"Organization\",\"@id\":\"https:\/\/www.acr-fulda.de\/#organization\",\"name\":\"Aeroclub Rh\u00f6n e.V. Fulda\",\"url\":\"https:\/\/www.acr-fulda.de\/\",\"logo\":{\"@type\":\"ImageObject\",\"inLanguage\":\"de\",\"@id\":\"https:\/\/www.acr-fulda.de\/#\/schema\/logo\/image\/\",\"url\":\"https:\/\/i0.wp.com\/www.acr-fulda.de\/wp-content\/uploads\/2015\/11\/ACR-Logo_MASK-e1482574119922.png?fit=128%2C128&ssl=1\",\"contentUrl\":\"https:\/\/i0.wp.com\/www.acr-fulda.de\/wp-content\/uploads\/2015\/11\/ACR-Logo_MASK-e1482574119922.png?fit=128%2C128&ssl=1\",\"width\":128,\"height\":128,\"caption\":\"Aeroclub Rh\u00f6n e.V. Fulda\"},\"image\":{\"@id\":\"https:\/\/www.acr-fulda.de\/#\/schema\/logo\/image\/\"}}]}<\/script>\n<!-- \/ Yoast SEO plugin. -->","yoast_head_json":{"title":"Startwinde - Aeroclub Rh\u00f6n e.V. Fulda","robots":{"index":"noindex","follow":"follow"},"og_locale":"de_DE","og_type":"article","og_title":"Startwinde - Aeroclub Rh\u00f6n e.V. Fulda","og_url":"https:\/\/www.acr-fulda.de\/?page_id=91","og_site_name":"Aeroclub Rh\u00f6n e.V. Fulda","article_modified_time":"2015-04-26T16:36:55+00:00","og_image":[{"url":"https:\/\/www.acr-fulda.de\/wp-content\/uploads\/2015\/04\/Winde-012-300x200.jpg","type":"","width":"","height":""}],"twitter_card":"summary_large_image","schema":{"@context":"https:\/\/schema.org","@graph":[{"@type":"WebPage","@id":"https:\/\/www.acr-fulda.de\/?page_id=91","url":"https:\/\/www.acr-fulda.de\/?page_id=91","name":"Startwinde - Aeroclub Rh\u00f6n e.V. Fulda","isPartOf":{"@id":"https:\/\/www.acr-fulda.de\/#website"},"datePublished":"2015-04-26T15:26:21+00:00","dateModified":"2015-04-26T16:36:55+00:00","breadcrumb":{"@id":"https:\/\/www.acr-fulda.de\/?page_id=91#breadcrumb"},"inLanguage":"de","potentialAction":[{"@type":"ReadAction","target":["https:\/\/www.acr-fulda.de\/?page_id=91"]}]},{"@type":"BreadcrumbList","@id":"https:\/\/www.acr-fulda.de\/?page_id=91#breadcrumb","itemListElement":[{"@type":"ListItem","position":1,"name":"Startseite","item":"https:\/\/www.acr-fulda.de\/"},{"@type":"ListItem","position":2,"name":"Segelfliegen","item":"https:\/\/www.acr-fulda.de\/?page_id=9"},{"@type":"ListItem","position":3,"name":"Startwinde"}]},{"@type":"WebSite","@id":"https:\/\/www.acr-fulda.de\/#website","url":"https:\/\/www.acr-fulda.de\/","name":"Aeroclub Rh\u00f6n e.V. Fulda","description":"Segelfliegen, Einf\u00fchrungsfl\u00fcge, Flugschule am  Stadtrand von Fulda","publisher":{"@id":"https:\/\/www.acr-fulda.de\/#organization"},"potentialAction":[{"@type":"SearchAction","target":{"@type":"EntryPoint","urlTemplate":"https:\/\/www.acr-fulda.de\/?s={search_term_string}"},"query-input":{"@type":"PropertyValueSpecification","valueRequired":true,"valueName":"search_term_string"}}],"inLanguage":"de"},{"@type":"Organization","@id":"https:\/\/www.acr-fulda.de\/#organization","name":"Aeroclub Rh\u00f6n e.V. Fulda","url":"https:\/\/www.acr-fulda.de\/","logo":{"@type":"ImageObject","inLanguage":"de","@id":"https:\/\/www.acr-fulda.de\/#\/schema\/logo\/image\/","url":"https:\/\/i0.wp.com\/www.acr-fulda.de\/wp-content\/uploads\/2015\/11\/ACR-Logo_MASK-e1482574119922.png?fit=128%2C128&ssl=1","contentUrl":"https:\/\/i0.wp.com\/www.acr-fulda.de\/wp-content\/uploads\/2015\/11\/ACR-Logo_MASK-e1482574119922.png?fit=128%2C128&ssl=1","width":128,"height":128,"caption":"Aeroclub Rh\u00f6n e.V. Fulda"},"image":{"@id":"https:\/\/www.acr-fulda.de\/#\/schema\/logo\/image\/"}}]}},"_links":{"self":[{"href":"https:\/\/www.acr-fulda.de\/index.php?rest_route=\/wp\/v2\/pages\/91","targetHints":{"allow":["GET"]}}],"collection":[{"href":"https:\/\/www.acr-fulda.de\/index.php?rest_route=\/wp\/v2\/pages"}],"about":[{"href":"https:\/\/www.acr-fulda.de\/index.php?rest_route=\/wp\/v2\/types\/page"}],"author":[{"embeddable":true,"href":"https:\/\/www.acr-fulda.de\/index.php?rest_route=\/wp\/v2\/users\/1"}],"replies":[{"embeddable":true,"href":"https:\/\/www.acr-fulda.de\/index.php?rest_route=%2Fwp%2Fv2%2Fcomments&post=91"}],"version-history":[{"count":11,"href":"https:\/\/www.acr-fulda.de\/index.php?rest_route=\/wp\/v2\/pages\/91\/revisions"}],"predecessor-version":[{"id":111,"href":"https:\/\/www.acr-fulda.de\/index.php?rest_route=\/wp\/v2\/pages\/91\/revisions\/111"}],"up":[{"embeddable":true,"href":"https:\/\/www.acr-fulda.de\/index.php?rest_route=\/wp\/v2\/pages\/9"}],"wp:attachment":[{"href":"https:\/\/www.acr-fulda.de\/index.php?rest_route=%2Fwp%2Fv2%2Fmedia&parent=91"}],"curies":[{"name":"wp","href":"https:\/\/api.w.org\/{rel}","templated":true}]}}

<style type="text/css">
			#gallery-1 {
				margin: auto;
			}
			#gallery-1 .gallery-item {
				float: left;
				margin-top: 10px;
				text-align: center;
				width: 33%;
			}
			#gallery-1 img {
				border: 2px solid #cfcfcf;
			}
			#gallery-1 .gallery-caption {
				margin-left: 0;
			}
			/* see gallery_shortcode() in wp-includes/media.php */
		</style>
		<div id='gallery-1' class='gallery galleryid-91 gallery-columns-3 gallery-size-medium'><dl class='gallery-item'>
			<dt class='gallery-icon landscape'>
				<a href='https://www.acr-fulda.de/?attachment_id=83'><img loading="lazy" decoding="async" width="300" height="200" src="https://acr-fulda.de/wp-content/uploads/2015/04/Winde-012-300x200.jpg" class="attachment-medium size-medium no-lazy" alt="" aria-describedby="gallery-1-83" srcset="https://acr-fulda.de/wp-content/uploads/2015/04/Winde-012-300x200.jpg 300w, https://acr-fulda.de/wp-content/uploads/2015/04/Winde-012.jpg 1024w" sizes="auto, (max-width: 300px) 100vw, 300px" /></a>
			</dt>
				<dd class='wp-caption-text gallery-caption' id='gallery-1-83'>
				Startwinde &#8211; Aufgebaut auf Opel-Blitz, Seillänge ausgerollt ca. 1000 m
				</dd></dl><dl class='gallery-item'>
			<dt class='gallery-icon landscape'>
				<a href='https://www.acr-fulda.de/?attachment_id=82'><img loading="lazy" decoding="async" width="300" height="200" src="https://acr-fulda.de/wp-content/uploads/2015/04/Winde-011-300x200.jpg" class="attachment-medium size-medium no-lazy" alt="" aria-describedby="gallery-1-82" srcset="https://acr-fulda.de/wp-content/uploads/2015/04/Winde-011-300x200.jpg 300w, https://acr-fulda.de/wp-content/uploads/2015/04/Winde-011.jpg 1024w" sizes="auto, (max-width: 300px) 100vw, 300px" /></a>
			</dt>
				<dd class='wp-caption-text gallery-caption' id='gallery-1-82'>
				Der V8 Chevvie-Motor leistet über 230 PS
				</dd></dl><dl class='gallery-item'>
			<dt class='gallery-icon landscape'>
				<a href='https://www.acr-fulda.de/?attachment_id=81'><img loading="lazy" decoding="async" width="300" height="200" src="https://acr-fulda.de/wp-content/uploads/2015/04/Winde-010-300x200.jpg" class="attachment-medium size-medium no-lazy" alt="" aria-describedby="gallery-1-81" srcset="https://acr-fulda.de/wp-content/uploads/2015/04/Winde-010-300x200.jpg 300w, https://acr-fulda.de/wp-content/uploads/2015/04/Winde-010.jpg 1024w" sizes="auto, (max-width: 300px) 100vw, 300px" /></a>
			</dt>
				<dd class='wp-caption-text gallery-caption' id='gallery-1-81'>
				Der Winden-Leitstand wurde einem VW-Bulli &#8222;entnommen&#8220;
				</dd></dl><br style="clear: both" /><dl class='gallery-item'>
			<dt class='gallery-icon landscape'>
				<a href='https://www.acr-fulda.de/?attachment_id=80'><img loading="lazy" decoding="async" width="300" height="200" src="https://acr-fulda.de/wp-content/uploads/2015/04/Winde-009-300x200.jpg" class="attachment-medium size-medium no-lazy" alt="" aria-describedby="gallery-1-80" srcset="https://acr-fulda.de/wp-content/uploads/2015/04/Winde-009-300x200.jpg 300w, https://acr-fulda.de/wp-content/uploads/2015/04/Winde-009.jpg 1024w" sizes="auto, (max-width: 300px) 100vw, 300px" /></a>
			</dt>
				<dd class='wp-caption-text gallery-caption' id='gallery-1-80'>
				Die Doppeltrommel-Winde schleppt unsere Segelflugzeuge auf über 600m Höhe.
				</dd></dl><dl class='gallery-item'>
			<dt class='gallery-icon landscape'>
				<a href='https://www.acr-fulda.de/?attachment_id=110'><img loading="lazy" decoding="async" width="500" height="375" src="https://acr-fulda.de/wp-content/uploads/2015/04/Winde-004-500x375.jpg" class="attachment-medium size-medium no-lazy" alt="" aria-describedby="gallery-1-110" srcset="https://acr-fulda.de/wp-content/uploads/2015/04/Winde-004-500x375.jpg 500w, https://acr-fulda.de/wp-content/uploads/2015/04/Winde-004.jpg 1024w" sizes="auto, (max-width: 500px) 100vw, 500px" /></a>
			</dt>
				<dd class='wp-caption-text gallery-caption' id='gallery-1-110'>
				Startwinde mit Doppeltrommel
				</dd></dl>
			<br style='clear: both' />
		</div>

<!-- This site is optimized with the Yoast SEO plugin v26.6 - https://yoast.com/wordpress/plugins/seo/ -->
<title>Startwinde - Aeroclub Rhön e.V. Fulda</title>
<meta name="robots" content="noindex, follow" />
<meta property="og:locale" content="de_DE" />
<meta property="og:type" content="article" />
<meta property="og:title" content="Startwinde - Aeroclub Rhön e.V. Fulda" />
<meta property="og:url" content="https://www.acr-fulda.de/?page_id=91" />
<meta property="og:site_name" content="Aeroclub Rhön e.V. Fulda" />
<meta property="article:modified_time" content="2015-04-26T16:36:55+00:00" />
<meta property="og:image" content="https://www.acr-fulda.de/wp-content/uploads/2015/04/Winde-012-300x200.jpg" />
<meta name="twitter:card" content="summary_large_image" />
<script type="application/ld+json" class="yoast-schema-graph">{"@context":"https://schema.org","@graph":[{"@type":"WebPage","@id":"https://www.acr-fulda.de/?page_id=91","url":"https://www.acr-fulda.de/?page_id=91","name":"Startwinde - Aeroclub Rhön e.V. Fulda","isPartOf":{"@id":"https://www.acr-fulda.de/#website"},"datePublished":"2015-04-26T15:26:21+00:00","dateModified":"2015-04-26T16:36:55+00:00","breadcrumb":{"@id":"https://www.acr-fulda.de/?page_id=91#breadcrumb"},"inLanguage":"de","potentialAction":[{"@type":"ReadAction","target":["https://www.acr-fulda.de/?page_id=91"]}]},{"@type":"BreadcrumbList","@id":"https://www.acr-fulda.de/?page_id=91#breadcrumb","itemListElement":[{"@type":"ListItem","position":1,"name":"Startseite","item":"https://www.acr-fulda.de/"},{"@type":"ListItem","position":2,"name":"Segelfliegen","item":"https://www.acr-fulda.de/?page_id=9"},{"@type":"ListItem","position":3,"name":"Startwinde"}]},{"@type":"WebSite","@id":"https://www.acr-fulda.de/#website","url":"https://www.acr-fulda.de/","name":"Aeroclub Rhön e.V. Fulda","description":"Segelfliegen, Einführungsflüge, Flugschule am  Stadtrand von Fulda","publisher":{"@id":"https://www.acr-fulda.de/#organization"},"potentialAction":[{"@type":"SearchAction","target":{"@type":"EntryPoint","urlTemplate":"https://www.acr-fulda.de/?s={search_term_string}"},"query-input":{"@type":"PropertyValueSpecification","valueRequired":true,"valueName":"search_term_string"}}],"inLanguage":"de"},{"@type":"Organization","@id":"https://www.acr-fulda.de/#organization","name":"Aeroclub Rhön e.V. Fulda","url":"https://www.acr-fulda.de/","logo":{"@type":"ImageObject","inLanguage":"de","@id":"https://www.acr-fulda.de/#/schema/logo/image/","url":"https://i0.wp.com/www.acr-fulda.de/wp-content/uploads/2015/11/ACR-Logo_MASK-e1482574119922.png?fit=128%2C128&ssl=1","contentUrl":"https://i0.wp.com/www.acr-fulda.de/wp-content/uploads/2015/11/ACR-Logo_MASK-e1482574119922.png?fit=128%2C128&ssl=1","width":128,"height":128,"caption":"Aeroclub Rhön e.V. Fulda"},"image":{"@id":"https://www.acr-fulda.de/#/schema/logo/image/"}}]}</script>
<!-- / Yoast SEO plugin. -->

Startwinde - Aeroclub Rhön e.V. Fulda

Aeroclub Rhön e.V. Fulda

Segelfliegen, Einführungsflüge, Flugschule am  Stadtrand von Fulda
