{"id":9,"date":"2015-04-16T23:05:12","date_gmt":"2015-04-16T21:05:12","guid":{"rendered":"http:\/\/www.acr-fulda.de\/?page_id=9"},"modified":"2022-08-10T10:13:03","modified_gmt":"2022-08-10T08:13:03","slug":"segelfliegen","status":"publish","type":"page","link":"https:\/\/www.acr-fulda.de\/?page_id=9","title":{"rendered":"Segelfliegen"},"content":{"rendered":"<p>Im Jahre 1951 wurde der Aero-Club Rh\u00f6n e. V. Fulda gegr\u00fcndet. Anfangs war noch kein eigenes Fluggel\u00e4nde vorhanden, so dass auf diversen Flugpl\u00e4tzen (das Material war im gesamten Stadtgebiet untergebracht) geflogen werden mu\u00dfte, ehe der Verein 1955 seinen Sitz in der Johannisau am westlichen Stadtrand von Fulda fand. F\u00fcr kurze Zeit war auch der ehemalige Mitit\u00e4rflugplatz in Sickels Heimat des Vereins.Nachdem das Fluggel\u00e4nde Johannisau mit amerikanischer Hilfe benutzbar gemacht wurde, begann in 1956 der Bau der Flugzeughalle, welche die Winde nebst Lepo (Flugplatz Fahrzeug) und vier Segelflugzeuge nebst Transporth\u00e4nger aufnehmen konnte.<\/p>\n<p>1968 wurde dann der erste Motorsegler, eine ASK 14, erworben. Es folgten im laufe der Jahre weitere Motorsegler Anschaffungen. Erw\u00e4hnenswert ist der Kauf einer ASK16 im Jahre 1976. Ein Flugzeug, was seiner Zeit sehr vorraus war und im Verein fast 25 Jahre Anerkennung fand.<\/p>\n<p>Im Jahre 1991 wurde dann mit einer ASW 24 E das erste Kunstoffsegelflugzeug erworben. 1992 folgte die Anschaffung eines Discus BM, 1998 die Anschaffung einer ASH 26 E.<\/p>\n<p>Im Jahr 2011 haben wir dann zur Verst\u00e4rkung des Segelflugzeug-Schlepps, sowie der Gast- und \u00dcberlandfl\u00fcge die Motorseglerflotte um einen zweiten Schleppfalken erg\u00e4nzt.<\/p>\n<p>Seit der Flugsaison 2013 dient eine in Poppenhausen bei der Firma Schleicher gefertigte ASK21 als Schulungsflugzeug.<\/p>\n<p>Im Herbst 2021 ergab sich die Chance, in den Niederlanden einen gebrauchten Duodiscus zu erwerben. Nach der aufw\u00e4ndigen Zulassungsprozedur des \u201eRe-Imports\u201c dieses leistungsf\u00e4higen doppelsitzigen Segelflugzeugs steht unseren Piloten jetzt eine Maschine mit 20 m Fl\u00fcgelspannweite f\u00fcr ausgedehnte Streckenfl\u00fcge zu zweit zur Verf\u00fcgung.<\/p>\n<p>Die ASK 21, der Duodiscus und die ASH 26 bilden heute das starke R\u00fcckgrad unser Segelflugzeugflotte.<\/p>\n<p>Um unsere Segelflugzeug in die Luft zu bekommen, verwenden wir entweder unsere beiden Schlepp-Flugzeuge oder unsere <a href=\"http:\/\/www.acr-fulda.de\/?page_id=91\">Startwinde<\/a>.<\/p>\n<p>&nbsp;<\/p>\n","protected":false},"excerpt":{"rendered":"<p>Im Jahre 1951 wurde der Aero-Club Rh\u00f6n e. V. Fulda gegr\u00fcndet. Anfangs war noch kein eigenes Fluggel\u00e4nde vorhanden, so dass auf diversen Flugpl\u00e4tzen (das Material war im gesamten Stadtgebiet untergebracht) geflogen werden mu\u00dfte, ehe der Verein 1955 seinen Sitz in der Johannisau am westlichen Stadtrand von Fulda fand. F\u00fcr kurze Zeit war auch der ehemalige [&hellip;]<\/p>\n","protected":false},"author":1,"featured_media":18,"parent":0,"menu_order":0,"comment_status":"open","ping_status":"open","template":"","meta":{"_acf_changed":false,"wikipediapreview_detectlinks":true,"ngg_post_thumbnail":0,"_mc_calendar":[],"footnotes":""},"class_list":["post-9","page","type-page","status-publish","has-post-thumbnail","czr-hentry"],"acf":[],"yoast_head":"<!-- This site is optimized with the Yoast SEO plugin v26.6 - https:\/\/yoast.com\/wordpress\/plugins\/seo\/ -->\n<title>Segelfliegen - Aeroclub Rh\u00f6n e.V. Fulda<\/title>\n<meta name=\"robots\" content=\"noindex, follow\" \/>\n<meta property=\"og:locale\" content=\"de_DE\" \/>\n<meta property=\"og:type\" content=\"article\" \/>\n<meta property=\"og:title\" content=\"Segelfliegen - Aeroclub Rh\u00f6n e.V. Fulda\" \/>\n<meta property=\"og:description\" content=\"Im Jahre 1951 wurde der Aero-Club Rh\u00f6n e. V. Fulda gegr\u00fcndet. Anfangs war noch kein eigenes Fluggel\u00e4nde vorhanden, so dass auf diversen Flugpl\u00e4tzen (das Material war im gesamten Stadtgebiet untergebracht) geflogen werden mu\u00dfte, ehe der Verein 1955 seinen Sitz in der Johannisau am westlichen Stadtrand von Fulda fand. F\u00fcr kurze Zeit war auch der ehemalige [&hellip;]\" \/>\n<meta property=\"og:url\" content=\"https:\/\/www.acr-fulda.de\/?page_id=9\" \/>\n<meta property=\"og:site_name\" content=\"Aeroclub Rh\u00f6n e.V. Fulda\" \/>\n<meta property=\"article:modified_time\" content=\"2022-08-10T08:13:03+00:00\" \/>\n<meta property=\"og:image\" content=\"https:\/\/www.acr-fulda.de\/wp-content\/uploads\/2015\/04\/Segelflugzeuge-270x250.jpeg\" \/>\n\t<meta property=\"og:image:width\" content=\"270\" \/>\n\t<meta property=\"og:image:height\" content=\"250\" \/>\n\t<meta property=\"og:image:type\" content=\"image\/jpeg\" \/>\n<meta name=\"twitter:card\" content=\"summary_large_image\" \/>\n<meta name=\"twitter:label1\" content=\"Gesch\u00e4tzte Lesezeit\" \/>\n\t<meta name=\"twitter:data1\" content=\"2\u00a0Minuten\" \/>\n<script type=\"application\/ld+json\" class=\"yoast-schema-graph\">{\"@context\":\"https:\/\/schema.org\",\"@graph\":[{\"@type\":\"WebPage\",\"@id\":\"https:\/\/www.acr-fulda.de\/?page_id=9\",\"url\":\"https:\/\/www.acr-fulda.de\/?page_id=9\",\"name\":\"Segelfliegen - Aeroclub Rh\u00f6n e.V. Fulda\",\"isPartOf\":{\"@id\":\"https:\/\/www.acr-fulda.de\/#website\"},\"primaryImageOfPage\":{\"@id\":\"https:\/\/www.acr-fulda.de\/?page_id=9#primaryimage\"},\"image\":{\"@id\":\"https:\/\/www.acr-fulda.de\/?page_id=9#primaryimage\"},\"thumbnailUrl\":\"https:\/\/www.acr-fulda.de\/wp-content\/uploads\/2015\/04\/Segelflugzeuge-270x250.jpeg\",\"datePublished\":\"2015-04-16T21:05:12+00:00\",\"dateModified\":\"2022-08-10T08:13:03+00:00\",\"breadcrumb\":{\"@id\":\"https:\/\/www.acr-fulda.de\/?page_id=9#breadcrumb\"},\"inLanguage\":\"de\",\"potentialAction\":[{\"@type\":\"ReadAction\",\"target\":[\"https:\/\/www.acr-fulda.de\/?page_id=9\"]}]},{\"@type\":\"ImageObject\",\"inLanguage\":\"de\",\"@id\":\"https:\/\/www.acr-fulda.de\/?page_id=9#primaryimage\",\"url\":\"https:\/\/www.acr-fulda.de\/wp-content\/uploads\/2015\/04\/Segelflugzeuge-270x250.jpeg\",\"contentUrl\":\"https:\/\/www.acr-fulda.de\/wp-content\/uploads\/2015\/04\/Segelflugzeuge-270x250.jpeg\",\"width\":270,\"height\":250,\"caption\":\"Im Vordergrund ASW-28, hinten ASH-26 in Startkonfiguration\"},{\"@type\":\"BreadcrumbList\",\"@id\":\"https:\/\/www.acr-fulda.de\/?page_id=9#breadcrumb\",\"itemListElement\":[{\"@type\":\"ListItem\",\"position\":1,\"name\":\"Startseite\",\"item\":\"https:\/\/www.acr-fulda.de\/\"},{\"@type\":\"ListItem\",\"position\":2,\"name\":\"Segelfliegen\"}]},{\"@type\":\"WebSite\",\"@id\":\"https:\/\/www.acr-fulda.de\/#website\",\"url\":\"https:\/\/www.acr-fulda.de\/\",\"name\":\"Aeroclub Rh\u00f6n e.V. Fulda\",\"description\":\"Segelfliegen, Einf\u00fchrungsfl\u00fcge, Flugschule am  Stadtrand von Fulda\",\"publisher\":{\"@id\":\"https:\/\/www.acr-fulda.de\/#organization\"},\"potentialAction\":[{\"@type\":\"SearchAction\",\"target\":{\"@type\":\"EntryPoint\",\"urlTemplate\":\"https:\/\/www.acr-fulda.de\/?s={search_term_string}\"},\"query-input\":{\"@type\":\"PropertyValueSpecification\",\"valueRequired\":true,\"valueName\":\"search_term_string\"}}],\"inLanguage\":\"de\"},{\"@type\":\"Organization\",\"@id\":\"https:\/\/www.acr-fulda.de\/#organization\",\"name\":\"Aeroclub Rh\u00f6n e.V. Fulda\",\"url\":\"https:\/\/www.acr-fulda.de\/\",\"logo\":{\"@type\":\"ImageObject\",\"inLanguage\":\"de\",\"@id\":\"https:\/\/www.acr-fulda.de\/#\/schema\/logo\/image\/\",\"url\":\"https:\/\/i0.wp.com\/www.acr-fulda.de\/wp-content\/uploads\/2015\/11\/ACR-Logo_MASK-e1482574119922.png?fit=128%2C128&ssl=1\",\"contentUrl\":\"https:\/\/i0.wp.com\/www.acr-fulda.de\/wp-content\/uploads\/2015\/11\/ACR-Logo_MASK-e1482574119922.png?fit=128%2C128&ssl=1\",\"width\":128,\"height\":128,\"caption\":\"Aeroclub Rh\u00f6n e.V. Fulda\"},\"image\":{\"@id\":\"https:\/\/www.acr-fulda.de\/#\/schema\/logo\/image\/\"}}]}<\/script>\n<!-- \/ Yoast SEO plugin. -->","yoast_head_json":{"title":"Segelfliegen - Aeroclub Rh\u00f6n e.V. Fulda","robots":{"index":"noindex","follow":"follow"},"og_locale":"de_DE","og_type":"article","og_title":"Segelfliegen - Aeroclub Rh\u00f6n e.V. Fulda","og_description":"Im Jahre 1951 wurde der Aero-Club Rh\u00f6n e. V. Fulda gegr\u00fcndet. Anfangs war noch kein eigenes Fluggel\u00e4nde vorhanden, so dass auf diversen Flugpl\u00e4tzen (das Material war im gesamten Stadtgebiet untergebracht) geflogen werden mu\u00dfte, ehe der Verein 1955 seinen Sitz in der Johannisau am westlichen Stadtrand von Fulda fand. F\u00fcr kurze Zeit war auch der ehemalige [&hellip;]","og_url":"https:\/\/www.acr-fulda.de\/?page_id=9","og_site_name":"Aeroclub Rh\u00f6n e.V. Fulda","article_modified_time":"2022-08-10T08:13:03+00:00","og_image":[{"width":270,"height":250,"url":"https:\/\/www.acr-fulda.de\/wp-content\/uploads\/2015\/04\/Segelflugzeuge-270x250.jpeg","type":"image\/jpeg"}],"twitter_card":"summary_large_image","twitter_misc":{"Gesch\u00e4tzte Lesezeit":"2\u00a0Minuten"},"schema":{"@context":"https:\/\/schema.org","@graph":[{"@type":"WebPage","@id":"https:\/\/www.acr-fulda.de\/?page_id=9","url":"https:\/\/www.acr-fulda.de\/?page_id=9","name":"Segelfliegen - Aeroclub Rh\u00f6n e.V. Fulda","isPartOf":{"@id":"https:\/\/www.acr-fulda.de\/#website"},"primaryImageOfPage":{"@id":"https:\/\/www.acr-fulda.de\/?page_id=9#primaryimage"},"image":{"@id":"https:\/\/www.acr-fulda.de\/?page_id=9#primaryimage"},"thumbnailUrl":"https:\/\/www.acr-fulda.de\/wp-content\/uploads\/2015\/04\/Segelflugzeuge-270x250.jpeg","datePublished":"2015-04-16T21:05:12+00:00","dateModified":"2022-08-10T08:13:03+00:00","breadcrumb":{"@id":"https:\/\/www.acr-fulda.de\/?page_id=9#breadcrumb"},"inLanguage":"de","potentialAction":[{"@type":"ReadAction","target":["https:\/\/www.acr-fulda.de\/?page_id=9"]}]},{"@type":"ImageObject","inLanguage":"de","@id":"https:\/\/www.acr-fulda.de\/?page_id=9#primaryimage","url":"https:\/\/www.acr-fulda.de\/wp-content\/uploads\/2015\/04\/Segelflugzeuge-270x250.jpeg","contentUrl":"https:\/\/www.acr-fulda.de\/wp-content\/uploads\/2015\/04\/Segelflugzeuge-270x250.jpeg","width":270,"height":250,"caption":"Im Vordergrund ASW-28, hinten ASH-26 in Startkonfiguration"},{"@type":"BreadcrumbList","@id":"https:\/\/www.acr-fulda.de\/?page_id=9#breadcrumb","itemListElement":[{"@type":"ListItem","position":1,"name":"Startseite","item":"https:\/\/www.acr-fulda.de\/"},{"@type":"ListItem","position":2,"name":"Segelfliegen"}]},{"@type":"WebSite","@id":"https:\/\/www.acr-fulda.de\/#website","url":"https:\/\/www.acr-fulda.de\/","name":"Aeroclub Rh\u00f6n e.V. Fulda","description":"Segelfliegen, Einf\u00fchrungsfl\u00fcge, Flugschule am  Stadtrand von Fulda","publisher":{"@id":"https:\/\/www.acr-fulda.de\/#organization"},"potentialAction":[{"@type":"SearchAction","target":{"@type":"EntryPoint","urlTemplate":"https:\/\/www.acr-fulda.de\/?s={search_term_string}"},"query-input":{"@type":"PropertyValueSpecification","valueRequired":true,"valueName":"search_term_string"}}],"inLanguage":"de"},{"@type":"Organization","@id":"https:\/\/www.acr-fulda.de\/#organization","name":"Aeroclub Rh\u00f6n e.V. Fulda","url":"https:\/\/www.acr-fulda.de\/","logo":{"@type":"ImageObject","inLanguage":"de","@id":"https:\/\/www.acr-fulda.de\/#\/schema\/logo\/image\/","url":"https:\/\/i0.wp.com\/www.acr-fulda.de\/wp-content\/uploads\/2015\/11\/ACR-Logo_MASK-e1482574119922.png?fit=128%2C128&ssl=1","contentUrl":"https:\/\/i0.wp.com\/www.acr-fulda.de\/wp-content\/uploads\/2015\/11\/ACR-Logo_MASK-e1482574119922.png?fit=128%2C128&ssl=1","width":128,"height":128,"caption":"Aeroclub Rh\u00f6n e.V. Fulda"},"image":{"@id":"https:\/\/www.acr-fulda.de\/#\/schema\/logo\/image\/"}}]}},"_links":{"self":[{"href":"https:\/\/www.acr-fulda.de\/index.php?rest_route=\/wp\/v2\/pages\/9","targetHints":{"allow":["GET"]}}],"collection":[{"href":"https:\/\/www.acr-fulda.de\/index.php?rest_route=\/wp\/v2\/pages"}],"about":[{"href":"https:\/\/www.acr-fulda.de\/index.php?rest_route=\/wp\/v2\/types\/page"}],"author":[{"embeddable":true,"href":"https:\/\/www.acr-fulda.de\/index.php?rest_route=\/wp\/v2\/users\/1"}],"replies":[{"embeddable":true,"href":"https:\/\/www.acr-fulda.de\/index.php?rest_route=%2Fwp%2Fv2%2Fcomments&post=9"}],"version-history":[{"count":5,"href":"https:\/\/www.acr-fulda.de\/index.php?rest_route=\/wp\/v2\/pages\/9\/revisions"}],"predecessor-version":[{"id":1245,"href":"https:\/\/www.acr-fulda.de\/index.php?rest_route=\/wp\/v2\/pages\/9\/revisions\/1245"}],"wp:featuredmedia":[{"embeddable":true,"href":"https:\/\/www.acr-fulda.de\/index.php?rest_route=\/wp\/v2\/media\/18"}],"wp:attachment":[{"href":"https:\/\/www.acr-fulda.de\/index.php?rest_route=%2Fwp%2Fv2%2Fmedia&parent=9"}],"curies":[{"name":"wp","href":"https:\/\/api.w.org\/{rel}","templated":true}]}}

<p>Im Jahre 1951 wurde der Aero-Club Rhön e. V. Fulda gegründet. Anfangs war noch kein eigenes Fluggelände vorhanden, so dass auf diversen Flugplätzen (das Material war im gesamten Stadtgebiet untergebracht) geflogen werden mußte, ehe der Verein 1955 seinen Sitz in der Johannisau am westlichen Stadtrand von Fulda fand. Für kurze Zeit war auch der ehemalige Mititärflugplatz in Sickels Heimat des Vereins.Nachdem das Fluggelände Johannisau mit amerikanischer Hilfe benutzbar gemacht wurde, begann in 1956 der Bau der Flugzeughalle, welche die Winde nebst Lepo (Flugplatz Fahrzeug) und vier Segelflugzeuge nebst Transporthänger aufnehmen konnte.</p>
<p>1968 wurde dann der erste Motorsegler, eine ASK 14, erworben. Es folgten im laufe der Jahre weitere Motorsegler Anschaffungen. Erwähnenswert ist der Kauf einer ASK16 im Jahre 1976. Ein Flugzeug, was seiner Zeit sehr vorraus war und im Verein fast 25 Jahre Anerkennung fand.</p>
<p>Im Jahre 1991 wurde dann mit einer ASW 24 E das erste Kunstoffsegelflugzeug erworben. 1992 folgte die Anschaffung eines Discus BM, 1998 die Anschaffung einer ASH 26 E.</p>
<p>Im Jahr 2011 haben wir dann zur Verstärkung des Segelflugzeug-Schlepps, sowie der Gast- und Überlandflüge die Motorseglerflotte um einen zweiten Schleppfalken ergänzt.</p>
<p>Seit der Flugsaison 2013 dient eine in Poppenhausen bei der Firma Schleicher gefertigte ASK21 als Schulungsflugzeug.</p>
<p>Im Herbst 2021 ergab sich die Chance, in den Niederlanden einen gebrauchten Duodiscus zu erwerben. Nach der aufwändigen Zulassungsprozedur des „Re-Imports“ dieses leistungsfähigen doppelsitzigen Segelflugzeugs steht unseren Piloten jetzt eine Maschine mit 20 m Flügelspannweite für ausgedehnte Streckenflüge zu zweit zur Verfügung.</p>
<p>Die ASK 21, der Duodiscus und die ASH 26 bilden heute das starke Rückgrad unser Segelflugzeugflotte.</p>
<p>Um unsere Segelflugzeug in die Luft zu bekommen, verwenden wir entweder unsere beiden Schlepp-Flugzeuge oder unsere <a href="http://www.acr-fulda.de/?page_id=91">Startwinde</a>.</p>
<p>&nbsp;</p>

<p>Im Jahre 1951 wurde der Aero-Club Rhön e. V. Fulda gegründet. Anfangs war noch kein eigenes Fluggelände vorhanden, so dass auf diversen Flugplätzen (das Material war im gesamten Stadtgebiet untergebracht) geflogen werden mußte, ehe der Verein 1955 seinen Sitz in der Johannisau am westlichen Stadtrand von Fulda fand. Für kurze Zeit war auch der ehemalige [&hellip;]</p>

<!-- This site is optimized with the Yoast SEO plugin v26.6 - https://yoast.com/wordpress/plugins/seo/ -->
<title>Segelfliegen - Aeroclub Rhön e.V. Fulda</title>
<meta name="robots" content="noindex, follow" />
<meta property="og:locale" content="de_DE" />
<meta property="og:type" content="article" />
<meta property="og:title" content="Segelfliegen - Aeroclub Rhön e.V. Fulda" />
<meta property="og:description" content="Im Jahre 1951 wurde der Aero-Club Rhön e. V. Fulda gegründet. Anfangs war noch kein eigenes Fluggelände vorhanden, so dass auf diversen Flugplätzen (das Material war im gesamten Stadtgebiet untergebracht) geflogen werden mußte, ehe der Verein 1955 seinen Sitz in der Johannisau am westlichen Stadtrand von Fulda fand. Für kurze Zeit war auch der ehemalige [&hellip;]" />
<meta property="og:url" content="https://www.acr-fulda.de/?page_id=9" />
<meta property="og:site_name" content="Aeroclub Rhön e.V. Fulda" />
<meta property="article:modified_time" content="2022-08-10T08:13:03+00:00" />
<meta property="og:image" content="https://www.acr-fulda.de/wp-content/uploads/2015/04/Segelflugzeuge-270x250.jpeg" />
	<meta property="og:image:width" content="270" />
	<meta property="og:image:height" content="250" />
	<meta property="og:image:type" content="image/jpeg" />
<meta name="twitter:card" content="summary_large_image" />
<meta name="twitter:label1" content="Geschätzte Lesezeit" />
	<meta name="twitter:data1" content="2 Minuten" />
<script type="application/ld+json" class="yoast-schema-graph">{"@context":"https://schema.org","@graph":[{"@type":"WebPage","@id":"https://www.acr-fulda.de/?page_id=9","url":"https://www.acr-fulda.de/?page_id=9","name":"Segelfliegen - Aeroclub Rhön e.V. Fulda","isPartOf":{"@id":"https://www.acr-fulda.de/#website"},"primaryImageOfPage":{"@id":"https://www.acr-fulda.de/?page_id=9#primaryimage"},"image":{"@id":"https://www.acr-fulda.de/?page_id=9#primaryimage"},"thumbnailUrl":"https://www.acr-fulda.de/wp-content/uploads/2015/04/Segelflugzeuge-270x250.jpeg","datePublished":"2015-04-16T21:05:12+00:00","dateModified":"2022-08-10T08:13:03+00:00","breadcrumb":{"@id":"https://www.acr-fulda.de/?page_id=9#breadcrumb"},"inLanguage":"de","potentialAction":[{"@type":"ReadAction","target":["https://www.acr-fulda.de/?page_id=9"]}]},{"@type":"ImageObject","inLanguage":"de","@id":"https://www.acr-fulda.de/?page_id=9#primaryimage","url":"https://www.acr-fulda.de/wp-content/uploads/2015/04/Segelflugzeuge-270x250.jpeg","contentUrl":"https://www.acr-fulda.de/wp-content/uploads/2015/04/Segelflugzeuge-270x250.jpeg","width":270,"height":250,"caption":"Im Vordergrund ASW-28, hinten ASH-26 in Startkonfiguration"},{"@type":"BreadcrumbList","@id":"https://www.acr-fulda.de/?page_id=9#breadcrumb","itemListElement":[{"@type":"ListItem","position":1,"name":"Startseite","item":"https://www.acr-fulda.de/"},{"@type":"ListItem","position":2,"name":"Segelfliegen"}]},{"@type":"WebSite","@id":"https://www.acr-fulda.de/#website","url":"https://www.acr-fulda.de/","name":"Aeroclub Rhön e.V. Fulda","description":"Segelfliegen, Einführungsflüge, Flugschule am  Stadtrand von Fulda","publisher":{"@id":"https://www.acr-fulda.de/#organization"},"potentialAction":[{"@type":"SearchAction","target":{"@type":"EntryPoint","urlTemplate":"https://www.acr-fulda.de/?s={search_term_string}"},"query-input":{"@type":"PropertyValueSpecification","valueRequired":true,"valueName":"search_term_string"}}],"inLanguage":"de"},{"@type":"Organization","@id":"https://www.acr-fulda.de/#organization","name":"Aeroclub Rhön e.V. Fulda","url":"https://www.acr-fulda.de/","logo":{"@type":"ImageObject","inLanguage":"de","@id":"https://www.acr-fulda.de/#/schema/logo/image/","url":"https://i0.wp.com/www.acr-fulda.de/wp-content/uploads/2015/11/ACR-Logo_MASK-e1482574119922.png?fit=128%2C128&ssl=1","contentUrl":"https://i0.wp.com/www.acr-fulda.de/wp-content/uploads/2015/11/ACR-Logo_MASK-e1482574119922.png?fit=128%2C128&ssl=1","width":128,"height":128,"caption":"Aeroclub Rhön e.V. Fulda"},"image":{"@id":"https://www.acr-fulda.de/#/schema/logo/image/"}}]}</script>
<!-- / Yoast SEO plugin. -->

Segelfliegen - Aeroclub Rhön e.V. Fulda

Im Jahre 1951 wurde der Aero-Club Rhön e. V. Fulda gegründet. Anfangs war noch kein eigenes Fluggelände vorhanden, so dass auf diversen Flugplätzen (das Material war im gesamten Stadtgebiet untergebracht) geflogen werden mußte, ehe der Verein 1955 seinen Sitz in der Johannisau am westlichen Stadtrand von Fulda fand. Für kurze Zeit war auch der ehemalige [&hellip;]

Aeroclub Rhön e.V. Fulda

Segelfliegen, Einführungsflüge, Flugschule am  Stadtrand von Fulda
