{"id":356,"date":"2016-12-10T12:33:59","date_gmt":"2016-12-10T11:33:59","guid":{"rendered":"http:\/\/www.acr-fulda.de\/?page_id=356"},"modified":"2019-04-17T22:23:27","modified_gmt":"2019-04-17T20:23:27","slug":"technik","status":"publish","type":"page","link":"https:\/\/www.acr-fulda.de\/?page_id=356","title":{"rendered":"Technik"},"content":{"rendered":"<p><a href=\"http:\/\/www.acr-fulda.de\/?page_id=359\">Funk-Upgrade ASW28<\/a><\/p>\n<p><a href=\"http:\/\/www.acr-fulda.de\/?page_id=977\">Akku-System der ASK21<\/a><\/p>\n","protected":false},"excerpt":{"rendered":"<p>Funk-Upgrade ASW28 Akku-System der ASK21<\/p>\n","protected":false},"author":1,"featured_media":352,"parent":0,"menu_order":0,"comment_status":"closed","ping_status":"closed","template":"","meta":{"_acf_changed":false,"wikipediapreview_detectlinks":true,"ngg_post_thumbnail":0,"_mc_calendar":[],"footnotes":""},"class_list":["post-356","page","type-page","status-publish","has-post-thumbnail","czr-hentry"],"acf":[],"yoast_head":"<!-- This site is optimized with the Yoast SEO plugin v26.6 - https:\/\/yoast.com\/wordpress\/plugins\/seo\/ -->\n<title>Technik - Aeroclub Rh\u00f6n e.V. Fulda<\/title>\n<meta name=\"robots\" content=\"noindex, follow\" \/>\n<meta property=\"og:locale\" content=\"de_DE\" \/>\n<meta property=\"og:type\" content=\"article\" \/>\n<meta property=\"og:title\" content=\"Technik - Aeroclub Rh\u00f6n e.V. Fulda\" \/>\n<meta property=\"og:description\" content=\"Funk-Upgrade ASW28 Akku-System der ASK21\" \/>\n<meta property=\"og:url\" content=\"https:\/\/www.acr-fulda.de\/?page_id=356\" \/>\n<meta property=\"og:site_name\" content=\"Aeroclub Rh\u00f6n e.V. Fulda\" \/>\n<meta property=\"article:modified_time\" content=\"2019-04-17T20:23:27+00:00\" \/>\n<meta property=\"og:image\" content=\"https:\/\/www.acr-fulda.de\/wp-content\/uploads\/2016\/12\/IMG_5648.jpg\" \/>\n\t<meta property=\"og:image:width\" content=\"960\" \/>\n\t<meta property=\"og:image:height\" content=\"1280\" \/>\n\t<meta property=\"og:image:type\" content=\"image\/jpeg\" \/>\n<meta name=\"twitter:card\" content=\"summary_large_image\" \/>\n<script type=\"application\/ld+json\" class=\"yoast-schema-graph\">{\"@context\":\"https:\/\/schema.org\",\"@graph\":[{\"@type\":\"WebPage\",\"@id\":\"https:\/\/www.acr-fulda.de\/?page_id=356\",\"url\":\"https:\/\/www.acr-fulda.de\/?page_id=356\",\"name\":\"Technik - Aeroclub Rh\u00f6n e.V. Fulda\",\"isPartOf\":{\"@id\":\"https:\/\/www.acr-fulda.de\/#website\"},\"primaryImageOfPage\":{\"@id\":\"https:\/\/www.acr-fulda.de\/?page_id=356#primaryimage\"},\"image\":{\"@id\":\"https:\/\/www.acr-fulda.de\/?page_id=356#primaryimage\"},\"thumbnailUrl\":\"https:\/\/www.acr-fulda.de\/wp-content\/uploads\/2016\/12\/IMG_5648.jpg\",\"datePublished\":\"2016-12-10T11:33:59+00:00\",\"dateModified\":\"2019-04-17T20:23:27+00:00\",\"breadcrumb\":{\"@id\":\"https:\/\/www.acr-fulda.de\/?page_id=356#breadcrumb\"},\"inLanguage\":\"de\",\"potentialAction\":[{\"@type\":\"ReadAction\",\"target\":[\"https:\/\/www.acr-fulda.de\/?page_id=356\"]}]},{\"@type\":\"ImageObject\",\"inLanguage\":\"de\",\"@id\":\"https:\/\/www.acr-fulda.de\/?page_id=356#primaryimage\",\"url\":\"https:\/\/www.acr-fulda.de\/wp-content\/uploads\/2016\/12\/IMG_5648.jpg\",\"contentUrl\":\"https:\/\/www.acr-fulda.de\/wp-content\/uploads\/2016\/12\/IMG_5648.jpg\",\"width\":960,\"height\":1280,\"caption\":\"Geht!\"},{\"@type\":\"BreadcrumbList\",\"@id\":\"https:\/\/www.acr-fulda.de\/?page_id=356#breadcrumb\",\"itemListElement\":[{\"@type\":\"ListItem\",\"position\":1,\"name\":\"Startseite\",\"item\":\"https:\/\/www.acr-fulda.de\/\"},{\"@type\":\"ListItem\",\"position\":2,\"name\":\"Technik\"}]},{\"@type\":\"WebSite\",\"@id\":\"https:\/\/www.acr-fulda.de\/#website\",\"url\":\"https:\/\/www.acr-fulda.de\/\",\"name\":\"Aeroclub Rh\u00f6n e.V. Fulda\",\"description\":\"Segelfliegen, Einf\u00fchrungsfl\u00fcge, Flugschule am  Stadtrand von Fulda\",\"publisher\":{\"@id\":\"https:\/\/www.acr-fulda.de\/#organization\"},\"potentialAction\":[{\"@type\":\"SearchAction\",\"target\":{\"@type\":\"EntryPoint\",\"urlTemplate\":\"https:\/\/www.acr-fulda.de\/?s={search_term_string}\"},\"query-input\":{\"@type\":\"PropertyValueSpecification\",\"valueRequired\":true,\"valueName\":\"search_term_string\"}}],\"inLanguage\":\"de\"},{\"@type\":\"Organization\",\"@id\":\"https:\/\/www.acr-fulda.de\/#organization\",\"name\":\"Aeroclub Rh\u00f6n e.V. Fulda\",\"url\":\"https:\/\/www.acr-fulda.de\/\",\"logo\":{\"@type\":\"ImageObject\",\"inLanguage\":\"de\",\"@id\":\"https:\/\/www.acr-fulda.de\/#\/schema\/logo\/image\/\",\"url\":\"https:\/\/i0.wp.com\/www.acr-fulda.de\/wp-content\/uploads\/2015\/11\/ACR-Logo_MASK-e1482574119922.png?fit=128%2C128&ssl=1\",\"contentUrl\":\"https:\/\/i0.wp.com\/www.acr-fulda.de\/wp-content\/uploads\/2015\/11\/ACR-Logo_MASK-e1482574119922.png?fit=128%2C128&ssl=1\",\"width\":128,\"height\":128,\"caption\":\"Aeroclub Rh\u00f6n e.V. Fulda\"},\"image\":{\"@id\":\"https:\/\/www.acr-fulda.de\/#\/schema\/logo\/image\/\"}}]}<\/script>\n<!-- \/ Yoast SEO plugin. -->","yoast_head_json":{"title":"Technik - Aeroclub Rh\u00f6n e.V. Fulda","robots":{"index":"noindex","follow":"follow"},"og_locale":"de_DE","og_type":"article","og_title":"Technik - Aeroclub Rh\u00f6n e.V. Fulda","og_description":"Funk-Upgrade ASW28 Akku-System der ASK21","og_url":"https:\/\/www.acr-fulda.de\/?page_id=356","og_site_name":"Aeroclub Rh\u00f6n e.V. Fulda","article_modified_time":"2019-04-17T20:23:27+00:00","og_image":[{"width":960,"height":1280,"url":"https:\/\/www.acr-fulda.de\/wp-content\/uploads\/2016\/12\/IMG_5648.jpg","type":"image\/jpeg"}],"twitter_card":"summary_large_image","schema":{"@context":"https:\/\/schema.org","@graph":[{"@type":"WebPage","@id":"https:\/\/www.acr-fulda.de\/?page_id=356","url":"https:\/\/www.acr-fulda.de\/?page_id=356","name":"Technik - Aeroclub Rh\u00f6n e.V. Fulda","isPartOf":{"@id":"https:\/\/www.acr-fulda.de\/#website"},"primaryImageOfPage":{"@id":"https:\/\/www.acr-fulda.de\/?page_id=356#primaryimage"},"image":{"@id":"https:\/\/www.acr-fulda.de\/?page_id=356#primaryimage"},"thumbnailUrl":"https:\/\/www.acr-fulda.de\/wp-content\/uploads\/2016\/12\/IMG_5648.jpg","datePublished":"2016-12-10T11:33:59+00:00","dateModified":"2019-04-17T20:23:27+00:00","breadcrumb":{"@id":"https:\/\/www.acr-fulda.de\/?page_id=356#breadcrumb"},"inLanguage":"de","potentialAction":[{"@type":"ReadAction","target":["https:\/\/www.acr-fulda.de\/?page_id=356"]}]},{"@type":"ImageObject","inLanguage":"de","@id":"https:\/\/www.acr-fulda.de\/?page_id=356#primaryimage","url":"https:\/\/www.acr-fulda.de\/wp-content\/uploads\/2016\/12\/IMG_5648.jpg","contentUrl":"https:\/\/www.acr-fulda.de\/wp-content\/uploads\/2016\/12\/IMG_5648.jpg","width":960,"height":1280,"caption":"Geht!"},{"@type":"BreadcrumbList","@id":"https:\/\/www.acr-fulda.de\/?page_id=356#breadcrumb","itemListElement":[{"@type":"ListItem","position":1,"name":"Startseite","item":"https:\/\/www.acr-fulda.de\/"},{"@type":"ListItem","position":2,"name":"Technik"}]},{"@type":"WebSite","@id":"https:\/\/www.acr-fulda.de\/#website","url":"https:\/\/www.acr-fulda.de\/","name":"Aeroclub Rh\u00f6n e.V. Fulda","description":"Segelfliegen, Einf\u00fchrungsfl\u00fcge, Flugschule am  Stadtrand von Fulda","publisher":{"@id":"https:\/\/www.acr-fulda.de\/#organization"},"potentialAction":[{"@type":"SearchAction","target":{"@type":"EntryPoint","urlTemplate":"https:\/\/www.acr-fulda.de\/?s={search_term_string}"},"query-input":{"@type":"PropertyValueSpecification","valueRequired":true,"valueName":"search_term_string"}}],"inLanguage":"de"},{"@type":"Organization","@id":"https:\/\/www.acr-fulda.de\/#organization","name":"Aeroclub Rh\u00f6n e.V. Fulda","url":"https:\/\/www.acr-fulda.de\/","logo":{"@type":"ImageObject","inLanguage":"de","@id":"https:\/\/www.acr-fulda.de\/#\/schema\/logo\/image\/","url":"https:\/\/i0.wp.com\/www.acr-fulda.de\/wp-content\/uploads\/2015\/11\/ACR-Logo_MASK-e1482574119922.png?fit=128%2C128&ssl=1","contentUrl":"https:\/\/i0.wp.com\/www.acr-fulda.de\/wp-content\/uploads\/2015\/11\/ACR-Logo_MASK-e1482574119922.png?fit=128%2C128&ssl=1","width":128,"height":128,"caption":"Aeroclub Rh\u00f6n e.V. Fulda"},"image":{"@id":"https:\/\/www.acr-fulda.de\/#\/schema\/logo\/image\/"}}]}},"_links":{"self":[{"href":"https:\/\/www.acr-fulda.de\/index.php?rest_route=\/wp\/v2\/pages\/356","targetHints":{"allow":["GET"]}}],"collection":[{"href":"https:\/\/www.acr-fulda.de\/index.php?rest_route=\/wp\/v2\/pages"}],"about":[{"href":"https:\/\/www.acr-fulda.de\/index.php?rest_route=\/wp\/v2\/types\/page"}],"author":[{"embeddable":true,"href":"https:\/\/www.acr-fulda.de\/index.php?rest_route=\/wp\/v2\/users\/1"}],"replies":[{"embeddable":true,"href":"https:\/\/www.acr-fulda.de\/index.php?rest_route=%2Fwp%2Fv2%2Fcomments&post=356"}],"version-history":[{"count":4,"href":"https:\/\/www.acr-fulda.de\/index.php?rest_route=\/wp\/v2\/pages\/356\/revisions"}],"predecessor-version":[{"id":981,"href":"https:\/\/www.acr-fulda.de\/index.php?rest_route=\/wp\/v2\/pages\/356\/revisions\/981"}],"wp:featuredmedia":[{"embeddable":true,"href":"https:\/\/www.acr-fulda.de\/index.php?rest_route=\/wp\/v2\/media\/352"}],"wp:attachment":[{"href":"https:\/\/www.acr-fulda.de\/index.php?rest_route=%2Fwp%2Fv2%2Fmedia&parent=356"}],"curies":[{"name":"wp","href":"https:\/\/api.w.org\/{rel}","templated":true}]}}

<!-- This site is optimized with the Yoast SEO plugin v26.6 - https://yoast.com/wordpress/plugins/seo/ -->
<title>Technik - Aeroclub Rhön e.V. Fulda</title>
<meta name="robots" content="noindex, follow" />
<meta property="og:locale" content="de_DE" />
<meta property="og:type" content="article" />
<meta property="og:title" content="Technik - Aeroclub Rhön e.V. Fulda" />
<meta property="og:description" content="Funk-Upgrade ASW28 Akku-System der ASK21" />
<meta property="og:url" content="https://www.acr-fulda.de/?page_id=356" />
<meta property="og:site_name" content="Aeroclub Rhön e.V. Fulda" />
<meta property="article:modified_time" content="2019-04-17T20:23:27+00:00" />
<meta property="og:image" content="https://www.acr-fulda.de/wp-content/uploads/2016/12/IMG_5648.jpg" />
	<meta property="og:image:width" content="960" />
	<meta property="og:image:height" content="1280" />
	<meta property="og:image:type" content="image/jpeg" />
<meta name="twitter:card" content="summary_large_image" />
<script type="application/ld+json" class="yoast-schema-graph">{"@context":"https://schema.org","@graph":[{"@type":"WebPage","@id":"https://www.acr-fulda.de/?page_id=356","url":"https://www.acr-fulda.de/?page_id=356","name":"Technik - Aeroclub Rhön e.V. Fulda","isPartOf":{"@id":"https://www.acr-fulda.de/#website"},"primaryImageOfPage":{"@id":"https://www.acr-fulda.de/?page_id=356#primaryimage"},"image":{"@id":"https://www.acr-fulda.de/?page_id=356#primaryimage"},"thumbnailUrl":"https://www.acr-fulda.de/wp-content/uploads/2016/12/IMG_5648.jpg","datePublished":"2016-12-10T11:33:59+00:00","dateModified":"2019-04-17T20:23:27+00:00","breadcrumb":{"@id":"https://www.acr-fulda.de/?page_id=356#breadcrumb"},"inLanguage":"de","potentialAction":[{"@type":"ReadAction","target":["https://www.acr-fulda.de/?page_id=356"]}]},{"@type":"ImageObject","inLanguage":"de","@id":"https://www.acr-fulda.de/?page_id=356#primaryimage","url":"https://www.acr-fulda.de/wp-content/uploads/2016/12/IMG_5648.jpg","contentUrl":"https://www.acr-fulda.de/wp-content/uploads/2016/12/IMG_5648.jpg","width":960,"height":1280,"caption":"Geht!"},{"@type":"BreadcrumbList","@id":"https://www.acr-fulda.de/?page_id=356#breadcrumb","itemListElement":[{"@type":"ListItem","position":1,"name":"Startseite","item":"https://www.acr-fulda.de/"},{"@type":"ListItem","position":2,"name":"Technik"}]},{"@type":"WebSite","@id":"https://www.acr-fulda.de/#website","url":"https://www.acr-fulda.de/","name":"Aeroclub Rhön e.V. Fulda","description":"Segelfliegen, Einführungsflüge, Flugschule am  Stadtrand von Fulda","publisher":{"@id":"https://www.acr-fulda.de/#organization"},"potentialAction":[{"@type":"SearchAction","target":{"@type":"EntryPoint","urlTemplate":"https://www.acr-fulda.de/?s={search_term_string}"},"query-input":{"@type":"PropertyValueSpecification","valueRequired":true,"valueName":"search_term_string"}}],"inLanguage":"de"},{"@type":"Organization","@id":"https://www.acr-fulda.de/#organization","name":"Aeroclub Rhön e.V. Fulda","url":"https://www.acr-fulda.de/","logo":{"@type":"ImageObject","inLanguage":"de","@id":"https://www.acr-fulda.de/#/schema/logo/image/","url":"https://i0.wp.com/www.acr-fulda.de/wp-content/uploads/2015/11/ACR-Logo_MASK-e1482574119922.png?fit=128%2C128&ssl=1","contentUrl":"https://i0.wp.com/www.acr-fulda.de/wp-content/uploads/2015/11/ACR-Logo_MASK-e1482574119922.png?fit=128%2C128&ssl=1","width":128,"height":128,"caption":"Aeroclub Rhön e.V. Fulda"},"image":{"@id":"https://www.acr-fulda.de/#/schema/logo/image/"}}]}</script>
<!-- / Yoast SEO plugin. -->

Technik - Aeroclub Rhön e.V. Fulda

Aeroclub Rhön e.V. Fulda

Segelfliegen, Einführungsflüge, Flugschule am  Stadtrand von Fulda
