{"id":1610,"date":"2024-12-06T07:53:03","date_gmt":"2024-12-06T06:53:03","guid":{"rendered":"https:\/\/www.acr-fulda.de\/?page_id=1610"},"modified":"2024-12-07T16:20:07","modified_gmt":"2024-12-07T15:20:07","slug":"einfuehrungsfluege","status":"publish","type":"page","link":"https:\/\/www.acr-fulda.de\/?page_id=1610","title":{"rendered":"Einf\u00fchrungsfl\u00fcge"},"content":{"rendered":"<p>Interessenten sind bei uns jederzeit willkommen.<\/p>\n<p>Wenn Sie sich f\u00fcr den Flugsport interessieren, k\u00f6nnen wir Ihnen diese Erfahrung im Rahmen eines Einf\u00fchrungsfluges n\u00e4her bringen. Vielleicht gef\u00e4llt Ihnen dieses Erlebnis so gut, dass Sie sich zu einer passiven oder sogar aktiven Mitgliedschaft inklusive Sportpilotenausbildung in unserem Verein entscheiden!<\/p>\n<p>Wenden Sie sich bitte vor Ort an den diensthabenden Flugleiter. Flugbetrieb findet von M\u00e4rz bis November an den Wochenenden\/Feiertagen und bei gutem Wetter sporadisch auch w\u00e4hrend der Woche statt.<\/p>\n<p>Es kann immer nur eine Person mitgenommen werden.<\/p>\n<p>Fotografieren ist nat\u00fcrlich erlaubt!<\/p>\n<p>PKW-Parkpl\u00e4tze gibt es am Stadion, an der Hornungsbr\u00fccke (Aueweiher) oder am Parkplatz Olympiastra\u00dfe.<\/p>\n<p><b>Auskunft<\/b><\/p>\n<ul>\n<li>Flugplatztelefon: 0661 21155<\/li>\n<li><a href=\"mailto:info@acr-fulda.de?subject=Anfrage%20wegen%20Einf\u00fchrungsflug%20an%20den%20Aeroclub%20Rhoen%20e.V.%20Fulda\">eMail-Anfrage<\/a> wegen Einf\u00fchrungsflug<\/li>\n<\/ul>\n<div id=\"attachment_72\" style=\"width: 409px\" class=\"wp-caption alignnone\"><a href=\"http:\/\/www.acr-fulda.de\/wp-content\/uploads\/2015\/04\/Landung-020.jpg\"><img loading=\"lazy\" decoding=\"async\" aria-describedby=\"caption-attachment-72\" class=\"wp-image-73\" src=\"http:\/\/www.acr-fulda.de\/wp-content\/uploads\/2015\/04\/Landung-020-300x200.jpg\" alt=\"Motorsegler\" width=\"399\" height=\"266\" srcset=\"https:\/\/www.acr-fulda.de\/wp-content\/uploads\/2015\/04\/Landung-020-300x200.jpg 300w, https:\/\/www.acr-fulda.de\/wp-content\/uploads\/2015\/04\/Landung-020.jpg 1024w\" sizes=\"auto, (max-width: 399px) 100vw, 399px\" \/><\/a><p id=\"caption-attachment-72\" class=\"wp-caption-text\"><img loading=\"lazy\" decoding=\"async\" class=\"wp-image-72\" src=\"http:\/\/www.acr-fulda.de\/wp-content\/uploads\/2015\/04\/ASK21-300x195.jpg\" alt=\"ASK21\" width=\"398\" height=\"259\" srcset=\"https:\/\/www.acr-fulda.de\/wp-content\/uploads\/2015\/04\/ASK21-300x195.jpg 300w, https:\/\/www.acr-fulda.de\/wp-content\/uploads\/2015\/04\/ASK21.jpg 1024w\" sizes=\"auto, (max-width: 398px) 100vw, 398px\" \/> Einf\u00fchrungsflug mit Motorsegler oder Segelflugzeug<\/p><\/div>\n<h1>Termin vereinbaren<\/h1>\n<p>Sch\u00f6n, Sie haben&nbsp;Interesse an einem Einf\u00fchrungsflug bei uns!<\/p>\n<p>Ein Segelflug, wenn er etwas l\u00e4nger dauern soll, ist in erster Linie nat\u00fcrlich von geeignetem Wetter abh\u00e4ngig. Das erfordert eine gewisse Flexibilit\u00e4t (leider richtet sich das Wetter nicht immer nach unseren W\u00fcnschen).&nbsp;Desweiteren sind wir ein Verein, d.h. die meisten Mitglieder gehen einer Arbeit nach und das normalerweise w\u00e4hrend der Woche.&nbsp;Zum Gl\u00fcck gibt es jedoch auch Mitglieder, die flexibler in der Zeiteinteilung sind und diese organisieren dann Flugbetrieb oft auch wochentags bei sch\u00f6nem Wetter und entsprechender Interessenslage.<\/p>\n<p>Samstags oder Sonntags gibt es im Prinzip den ganzen Tag (etwa ab 11:00 bis zum Thermikende, abends h\u00f6ren die Aufwinde auf) bei passendem Wetter, die M\u00f6glichkeit mitzufliegen. Wir&nbsp;empfehlen Ihnen einfach, wenn Sie mitfliegen m\u00f6chten, einen kurzen Anruf unter der Telefonnummer&nbsp;0661-21155.&nbsp;Ist Flugbetrieb, kann ihnen dann gesagt werden, ob z.B. das Wetter geeignet ist.<\/p>\n<p>Wenn irgend m\u00f6glich sind wir sehr gerne bereit, unseren Mitmenschen das Erlebnis Segelfliegen zu erm\u00f6glichen. Ein bischen Zeit sollte man einplanen.<\/p>\n<p>Wir&nbsp;hoffen, Ihnen hinreichend Auskunft gegeben zu haben&#8230; Vielleicht sehen wir uns auf dem Flugplatz.<\/p>\n<p>Am einfachsten k\u00f6nnen Sie hier Kontakt mit uns aufnehmen:<\/p>\n<h2>Anfrage f\u00fcr einen Einf\u00fchrungsflug<\/h2>\n<p class=\"wpcf7-contact-form-not-found\"><strong>Fehler:<\/strong> Kontaktformular wurde nicht gefunden.<\/p>\n","protected":false},"excerpt":{"rendered":"<p>Interessenten sind bei uns jederzeit willkommen. Wenn Sie sich f\u00fcr den Flugsport interessieren, k\u00f6nnen wir Ihnen diese Erfahrung im Rahmen eines Einf\u00fchrungsfluges n\u00e4her bringen. Vielleicht gef\u00e4llt Ihnen dieses Erlebnis so gut, dass Sie sich zu einer passiven oder sogar aktiven Mitgliedschaft inklusive Sportpilotenausbildung in unserem Verein entscheiden! Wenden Sie sich bitte vor Ort an den [&hellip;]<\/p>\n","protected":false},"author":1,"featured_media":229,"parent":0,"menu_order":0,"comment_status":"closed","ping_status":"closed","template":"","meta":{"_acf_changed":false,"wikipediapreview_detectlinks":true,"ngg_post_thumbnail":0,"_mc_calendar":[],"footnotes":""},"class_list":["post-1610","page","type-page","status-publish","has-post-thumbnail","czr-hentry"],"acf":[],"yoast_head":"<!-- This site is optimized with the Yoast SEO plugin v26.6 - https:\/\/yoast.com\/wordpress\/plugins\/seo\/ -->\n<title>Einf\u00fchrungsfl\u00fcge - Aeroclub Rh\u00f6n e.V. Fulda<\/title>\n<meta name=\"robots\" content=\"noindex, follow\" \/>\n<meta property=\"og:locale\" content=\"de_DE\" \/>\n<meta property=\"og:type\" content=\"article\" \/>\n<meta property=\"og:title\" content=\"Einf\u00fchrungsfl\u00fcge - Aeroclub Rh\u00f6n e.V. Fulda\" \/>\n<meta property=\"og:description\" content=\"Interessenten sind bei uns jederzeit willkommen. Wenn Sie sich f\u00fcr den Flugsport interessieren, k\u00f6nnen wir Ihnen diese Erfahrung im Rahmen eines Einf\u00fchrungsfluges n\u00e4her bringen. Vielleicht gef\u00e4llt Ihnen dieses Erlebnis so gut, dass Sie sich zu einer passiven oder sogar aktiven Mitgliedschaft inklusive Sportpilotenausbildung in unserem Verein entscheiden! Wenden Sie sich bitte vor Ort an den [&hellip;]\" \/>\n<meta property=\"og:url\" content=\"https:\/\/www.acr-fulda.de\/?page_id=1610\" \/>\n<meta property=\"og:site_name\" content=\"Aeroclub Rh\u00f6n e.V. Fulda\" \/>\n<meta property=\"article:modified_time\" content=\"2024-12-07T15:20:07+00:00\" \/>\n<meta property=\"og:image\" content=\"https:\/\/www.acr-fulda.de\/wp-content\/uploads\/2015\/07\/DK_20150718_Alleinflug_s_471.jpg\" \/>\n\t<meta property=\"og:image:width\" content=\"2000\" \/>\n\t<meta property=\"og:image:height\" content=\"1333\" \/>\n\t<meta property=\"og:image:type\" content=\"image\/jpeg\" \/>\n<meta name=\"twitter:card\" content=\"summary_large_image\" \/>\n<meta name=\"twitter:label1\" content=\"Gesch\u00e4tzte Lesezeit\" \/>\n\t<meta name=\"twitter:data1\" content=\"3\u00a0Minuten\" \/>\n<script type=\"application\/ld+json\" class=\"yoast-schema-graph\">{\"@context\":\"https:\/\/schema.org\",\"@graph\":[{\"@type\":\"WebPage\",\"@id\":\"https:\/\/www.acr-fulda.de\/?page_id=1610\",\"url\":\"https:\/\/www.acr-fulda.de\/?page_id=1610\",\"name\":\"Einf\u00fchrungsfl\u00fcge - Aeroclub Rh\u00f6n e.V. Fulda\",\"isPartOf\":{\"@id\":\"https:\/\/www.acr-fulda.de\/#website\"},\"primaryImageOfPage\":{\"@id\":\"https:\/\/www.acr-fulda.de\/?page_id=1610#primaryimage\"},\"image\":{\"@id\":\"https:\/\/www.acr-fulda.de\/?page_id=1610#primaryimage\"},\"thumbnailUrl\":\"https:\/\/www.acr-fulda.de\/wp-content\/uploads\/2015\/07\/DK_20150718_Alleinflug_s_471.jpg\",\"datePublished\":\"2024-12-06T06:53:03+00:00\",\"dateModified\":\"2024-12-07T15:20:07+00:00\",\"breadcrumb\":{\"@id\":\"https:\/\/www.acr-fulda.de\/?page_id=1610#breadcrumb\"},\"inLanguage\":\"de\",\"potentialAction\":[{\"@type\":\"ReadAction\",\"target\":[\"https:\/\/www.acr-fulda.de\/?page_id=1610\"]}]},{\"@type\":\"ImageObject\",\"inLanguage\":\"de\",\"@id\":\"https:\/\/www.acr-fulda.de\/?page_id=1610#primaryimage\",\"url\":\"https:\/\/www.acr-fulda.de\/wp-content\/uploads\/2015\/07\/DK_20150718_Alleinflug_s_471.jpg\",\"contentUrl\":\"https:\/\/www.acr-fulda.de\/wp-content\/uploads\/2015\/07\/DK_20150718_Alleinflug_s_471.jpg\",\"width\":2000,\"height\":1333},{\"@type\":\"BreadcrumbList\",\"@id\":\"https:\/\/www.acr-fulda.de\/?page_id=1610#breadcrumb\",\"itemListElement\":[{\"@type\":\"ListItem\",\"position\":1,\"name\":\"Startseite\",\"item\":\"https:\/\/www.acr-fulda.de\/\"},{\"@type\":\"ListItem\",\"position\":2,\"name\":\"Einf\u00fchrungsfl\u00fcge\"}]},{\"@type\":\"WebSite\",\"@id\":\"https:\/\/www.acr-fulda.de\/#website\",\"url\":\"https:\/\/www.acr-fulda.de\/\",\"name\":\"Aeroclub Rh\u00f6n e.V. Fulda\",\"description\":\"Segelfliegen, Einf\u00fchrungsfl\u00fcge, Flugschule am  Stadtrand von Fulda\",\"publisher\":{\"@id\":\"https:\/\/www.acr-fulda.de\/#organization\"},\"potentialAction\":[{\"@type\":\"SearchAction\",\"target\":{\"@type\":\"EntryPoint\",\"urlTemplate\":\"https:\/\/www.acr-fulda.de\/?s={search_term_string}\"},\"query-input\":{\"@type\":\"PropertyValueSpecification\",\"valueRequired\":true,\"valueName\":\"search_term_string\"}}],\"inLanguage\":\"de\"},{\"@type\":\"Organization\",\"@id\":\"https:\/\/www.acr-fulda.de\/#organization\",\"name\":\"Aeroclub Rh\u00f6n e.V. Fulda\",\"url\":\"https:\/\/www.acr-fulda.de\/\",\"logo\":{\"@type\":\"ImageObject\",\"inLanguage\":\"de\",\"@id\":\"https:\/\/www.acr-fulda.de\/#\/schema\/logo\/image\/\",\"url\":\"https:\/\/i0.wp.com\/www.acr-fulda.de\/wp-content\/uploads\/2015\/11\/ACR-Logo_MASK-e1482574119922.png?fit=128%2C128&ssl=1\",\"contentUrl\":\"https:\/\/i0.wp.com\/www.acr-fulda.de\/wp-content\/uploads\/2015\/11\/ACR-Logo_MASK-e1482574119922.png?fit=128%2C128&ssl=1\",\"width\":128,\"height\":128,\"caption\":\"Aeroclub Rh\u00f6n e.V. Fulda\"},\"image\":{\"@id\":\"https:\/\/www.acr-fulda.de\/#\/schema\/logo\/image\/\"}}]}<\/script>\n<!-- \/ Yoast SEO plugin. -->","yoast_head_json":{"title":"Einf\u00fchrungsfl\u00fcge - Aeroclub Rh\u00f6n e.V. Fulda","robots":{"index":"noindex","follow":"follow"},"og_locale":"de_DE","og_type":"article","og_title":"Einf\u00fchrungsfl\u00fcge - Aeroclub Rh\u00f6n e.V. Fulda","og_description":"Interessenten sind bei uns jederzeit willkommen. Wenn Sie sich f\u00fcr den Flugsport interessieren, k\u00f6nnen wir Ihnen diese Erfahrung im Rahmen eines Einf\u00fchrungsfluges n\u00e4her bringen. Vielleicht gef\u00e4llt Ihnen dieses Erlebnis so gut, dass Sie sich zu einer passiven oder sogar aktiven Mitgliedschaft inklusive Sportpilotenausbildung in unserem Verein entscheiden! Wenden Sie sich bitte vor Ort an den [&hellip;]","og_url":"https:\/\/www.acr-fulda.de\/?page_id=1610","og_site_name":"Aeroclub Rh\u00f6n e.V. Fulda","article_modified_time":"2024-12-07T15:20:07+00:00","og_image":[{"width":2000,"height":1333,"url":"https:\/\/www.acr-fulda.de\/wp-content\/uploads\/2015\/07\/DK_20150718_Alleinflug_s_471.jpg","type":"image\/jpeg"}],"twitter_card":"summary_large_image","twitter_misc":{"Gesch\u00e4tzte Lesezeit":"3\u00a0Minuten"},"schema":{"@context":"https:\/\/schema.org","@graph":[{"@type":"WebPage","@id":"https:\/\/www.acr-fulda.de\/?page_id=1610","url":"https:\/\/www.acr-fulda.de\/?page_id=1610","name":"Einf\u00fchrungsfl\u00fcge - Aeroclub Rh\u00f6n e.V. Fulda","isPartOf":{"@id":"https:\/\/www.acr-fulda.de\/#website"},"primaryImageOfPage":{"@id":"https:\/\/www.acr-fulda.de\/?page_id=1610#primaryimage"},"image":{"@id":"https:\/\/www.acr-fulda.de\/?page_id=1610#primaryimage"},"thumbnailUrl":"https:\/\/www.acr-fulda.de\/wp-content\/uploads\/2015\/07\/DK_20150718_Alleinflug_s_471.jpg","datePublished":"2024-12-06T06:53:03+00:00","dateModified":"2024-12-07T15:20:07+00:00","breadcrumb":{"@id":"https:\/\/www.acr-fulda.de\/?page_id=1610#breadcrumb"},"inLanguage":"de","potentialAction":[{"@type":"ReadAction","target":["https:\/\/www.acr-fulda.de\/?page_id=1610"]}]},{"@type":"ImageObject","inLanguage":"de","@id":"https:\/\/www.acr-fulda.de\/?page_id=1610#primaryimage","url":"https:\/\/www.acr-fulda.de\/wp-content\/uploads\/2015\/07\/DK_20150718_Alleinflug_s_471.jpg","contentUrl":"https:\/\/www.acr-fulda.de\/wp-content\/uploads\/2015\/07\/DK_20150718_Alleinflug_s_471.jpg","width":2000,"height":1333},{"@type":"BreadcrumbList","@id":"https:\/\/www.acr-fulda.de\/?page_id=1610#breadcrumb","itemListElement":[{"@type":"ListItem","position":1,"name":"Startseite","item":"https:\/\/www.acr-fulda.de\/"},{"@type":"ListItem","position":2,"name":"Einf\u00fchrungsfl\u00fcge"}]},{"@type":"WebSite","@id":"https:\/\/www.acr-fulda.de\/#website","url":"https:\/\/www.acr-fulda.de\/","name":"Aeroclub Rh\u00f6n e.V. Fulda","description":"Segelfliegen, Einf\u00fchrungsfl\u00fcge, Flugschule am  Stadtrand von Fulda","publisher":{"@id":"https:\/\/www.acr-fulda.de\/#organization"},"potentialAction":[{"@type":"SearchAction","target":{"@type":"EntryPoint","urlTemplate":"https:\/\/www.acr-fulda.de\/?s={search_term_string}"},"query-input":{"@type":"PropertyValueSpecification","valueRequired":true,"valueName":"search_term_string"}}],"inLanguage":"de"},{"@type":"Organization","@id":"https:\/\/www.acr-fulda.de\/#organization","name":"Aeroclub Rh\u00f6n e.V. Fulda","url":"https:\/\/www.acr-fulda.de\/","logo":{"@type":"ImageObject","inLanguage":"de","@id":"https:\/\/www.acr-fulda.de\/#\/schema\/logo\/image\/","url":"https:\/\/i0.wp.com\/www.acr-fulda.de\/wp-content\/uploads\/2015\/11\/ACR-Logo_MASK-e1482574119922.png?fit=128%2C128&ssl=1","contentUrl":"https:\/\/i0.wp.com\/www.acr-fulda.de\/wp-content\/uploads\/2015\/11\/ACR-Logo_MASK-e1482574119922.png?fit=128%2C128&ssl=1","width":128,"height":128,"caption":"Aeroclub Rh\u00f6n e.V. Fulda"},"image":{"@id":"https:\/\/www.acr-fulda.de\/#\/schema\/logo\/image\/"}}]}},"_links":{"self":[{"href":"https:\/\/www.acr-fulda.de\/index.php?rest_route=\/wp\/v2\/pages\/1610","targetHints":{"allow":["GET"]}}],"collection":[{"href":"https:\/\/www.acr-fulda.de\/index.php?rest_route=\/wp\/v2\/pages"}],"about":[{"href":"https:\/\/www.acr-fulda.de\/index.php?rest_route=\/wp\/v2\/types\/page"}],"author":[{"embeddable":true,"href":"https:\/\/www.acr-fulda.de\/index.php?rest_route=\/wp\/v2\/users\/1"}],"replies":[{"embeddable":true,"href":"https:\/\/www.acr-fulda.de\/index.php?rest_route=%2Fwp%2Fv2%2Fcomments&post=1610"}],"version-history":[{"count":3,"href":"https:\/\/www.acr-fulda.de\/index.php?rest_route=\/wp\/v2\/pages\/1610\/revisions"}],"predecessor-version":[{"id":1616,"href":"https:\/\/www.acr-fulda.de\/index.php?rest_route=\/wp\/v2\/pages\/1610\/revisions\/1616"}],"wp:featuredmedia":[{"embeddable":true,"href":"https:\/\/www.acr-fulda.de\/index.php?rest_route=\/wp\/v2\/media\/229"}],"wp:attachment":[{"href":"https:\/\/www.acr-fulda.de\/index.php?rest_route=%2Fwp%2Fv2%2Fmedia&parent=1610"}],"curies":[{"name":"wp","href":"https:\/\/api.w.org\/{rel}","templated":true}]}}